 11?
8
Let t = -209 - -346. What is the remainder when t is divided by 31?
13
What is the remainder when -106*((-2)/(-6) - 44/33) is divided by 55?
51
Let c(x) = x**2 - 21*x + 64. Calculate the remainder when 43 is divided by c(19).
17
Let b = -21 - -115. Let f(y) = y**3 + 10*y**2 - 9*y + 4. Let z be f(-9). Let j = z - b. Calculate the remainder when j is divided by 25.
22
Calculate the remainder when 97 is divided by -3 - (-3 + 33/12)*52.
7
Let n(r) = 10*r + 615. Calculate the remainder when n(-40) is divided by 2.
1
Suppose 2*y - a - 14 = 7, 5*a = -y + 16. Let l = -27 + 34. Let r = -1 + l. Calculate the remainder when y is divided by r.
5
Calculate the remainder when 2/(10/(-151))*(-18 + 13) is divided by 3.
1
Suppose 1443 + 4125 = 64*h. Calculate the remainder when 247 is divided by h.
73
Suppose -5*h = 4*p + 1581, 4*h - p - p + 1244 = 0. Let x = 522 + h. Calculate the remainder when x is divided by 42.
41
Let y be -5*(1 + (-16 - 2)). Suppose -3*q - 31 = -y. Calculate the remainder when 8/(-2) + 770/14 is divided by q.
15
Let s = -1418 + 1627. What is the remainder when s is divided by 41?
4
Let w(u) = u**2 - 6*u + 5. Let q be w(5). Suppose q = 3*g - 10 + 4. Suppose h - 3*h = -2. Calculate the remainder when g is divided by h.
0
Suppose 3*o + 7 = 22. Suppose -10 = -5*i + o. What is the remainder when 4 is divided by i/9 - (-10)/6?
0
Suppose -j = 2*r - 10, 2*r - 14 = -0*r - 3*j. Calculate the remainder when (-1 + r)*190/6 is divided by 24.
23
What is the remainder when 299 is divided by (-14)/(-1) + (-134 - -132)?
11
Suppose -v - 2*v - 36 = 0. Let a be v/5*(-15)/6. What is the remainder when (-6 + 3)/(a/(-92)) is divided by 16?
14
Let w(f) = f**2 + 2*f - 4. Suppose 6*l + 0*l = 66. Let j = -17 + l. Calculate the remainder when 37 is divided by w(j).
17
Suppose 2964 = 15*u + 23*u. What is the remainder when 155 is divided by u?
77
Suppose -2*c + 1 = -3*c. Let g be c/(-2) + (-6)/12. Suppose g = s + 2*n - 23, 2*s = -3*s - 2*n + 83. Calculate the remainder when s is divided by 8.
7
Let k(t) = 65*t + 271. What is the remainder when 31 is divided by k(-4)?
9
Suppose -2*w = -2*s + 200 - 68, -138 = -2*s - 4*w. Let c(y) = -2*y**2 - 38*y - 22. What is the remainder when s is divided by c(-18)?
11
Let r(u) = 8*u**3 + u**2 - u. Let o be r(1). Suppose 6*h - o*h = -18. What is the remainder when 33 is divided by h?
6
Suppose 0*x + x = 0, -4*x + 100 = 5*a. Suppose 2*s + r + 1 = 5, 2*s + 2*r - 8 = 0. Suppose 8*i - i - 539 = s. Calculate the remainder when i is divided by a.
17
Suppose 0 = -5*k - 5, -4*k + 9*k = 4*s - 65. Calculate the remainder when 71 is divided by s.
11
Let w = 58 + -22. Suppose 54*p - 1102 = -p - 3*p. Calculate the remainder when w is divided by p.
17
Suppose -4*h + 335 = 5*o + 3, 2*h = 5*o - 314. Calculate the remainder when 141 is divided by o.
13
Let v(u) = 19*u - 126. What is the remainder when v(8) is divided by 23?
3
Let j = 1332 + -1331. Calculate the remainder when 122 is divided by j.
0
Suppose -264 = -65*w + 59*w. Calculate the remainder when w is divided by 11.
0
Let f be (89/4)/(1/4). Let j = -38 + f. What is the remainder when j is divided by 13?
12
Let d(y) = 19*y**2 + 18*y + 16. What is the remainder when 271 is divided by d(-3)?
5
Let s be (-55)/(-15) + 1/3. Suppose -3*w = -s*c - 27, -4*w + 45 + 16 = 3*c. What is the remainder when 63 is divided by w?
11
Let f(z) = -17*z - 11. What is the remainder when f(-21) is divided by 29?
27
Calculate the remainder when 100 is divided by 53 + ((-10)/(-4) - 26/52).
45
Suppose 0 = -0*t + 5*t + j - 158, -5*j + 22 = t. Suppose g - 3*g = -t. Let s(z) = 2*z**2 - 2*z + 2. Calculate the remainder when g is divided by s(2).
4
Let g be 31*(3 - 2 - -1). Let c be -2 - 7/(7/g). Let l = 91 + c. What is the remainder when 78 is divided by l?
24
Let h(k) = 3*k**2 + 1. Let b be h(-1). Suppose 3*o - b*r - 185 = -0*r, 192 = 3*o + 3*r. Let u = 136 - o. Calculate the remainder when u is divided by 25.
23
Let b be (-636)/(-28) + 2/7. Suppose 22*y = b*y + 12. What is the remainder when (-315)/y - 3/(-4) is divided by 11?
5
Let j = 10 - 6. Let t(p) = -p**3 + 3*p**2 + 3*p - 2. What is the remainder when t(3) is divided by j?
3
Let h(w) = 3*w - 30. Suppose -3*g + 78 + 57 = 0. What is the remainder when g is divided by h(14)?
9
Let p = -28 - -48. Let t = 126 + -70. What is the remainder when t is divided by p?
16
Suppose 142*h = 137*h - 5, h - 339 = -5*f. What is the remainder when f is divided by 14?
12
Let o(w) = 3*w**2 - 4*w - 130. What is the remainder when o(9) is divided by -2 - (0 - (29 + -1))?
25
Suppose 21*a = 15*a - 252. Let c = a + 129. What is the remainder when c is divided by 15?
12
Let u = 15 - -4. Calculate the remainder when 6 is divided by 0/(-2) + u + -15.
2
Suppose 0 = -2*k + 10 - 0. Suppose 8 + 0 = x + 3*u, -5*u - 60 = -k*x. What is the remainder when 18 is divided by x?
7
Suppose 0 = -4*l - 12, -323 = 3*f - 5*f + 5*l. Calculate the remainder when f is divided by 73.
8
Calculate the remainder when 196 is divided by (1469/(-91) + 5)*14/(-3).
40
Suppose 215 = 4*g - 2*l - 169, -g = -l - 96. Suppose -4*i - r = -g, -3*i + 24 = -2*i - 2*r. Calculate the remainder when i is divided by 5.
4
Let v = 23 + 0. Let o(y) = -9*y. Calculate the remainder when o(-10) is divided by v.
21
What is the remainder when 76 is divided by (-2052)/(-190) + (1/5 - 0)?
10
Let z(p) = p + 25. Let u be z(-19). Let x = 111 - 53. Calculate the remainder when x is divided by (-6 - -1)*(-9 + u).
13
Let f = -572 - -787. Calculate the remainder when f is divided by 12.
11
Let w(t) = t**3 + 4*t**2 - 7*t - 7. Let v be w(-5). Suppose 0 = 2*j - v*q - 12, 4*j - 24 = -0*j - 3*q. What is the remainder when 13 is divided by j?
1
Let c(k) = -5 + 0 - 2*k + 1 - 5. Let p be c(-4). Calculate the remainder when ((-338)/(-65))/(p/(-5)) is divided by 14.
12
Let h = -115 + 116. Calculate the remainder when 5 is divided by h + -5 + -9 + 14.
0
Suppose 0 = -11*f + 179 + 305. Calculate the remainder when 69 is divided by (0 - -1)/((-22)/f) + 12.
9
Let w = -39 + 71. Calculate the remainder when 124 is divided by w.
28
Let m(u) = u**3 - 8*u**2 + 5*u + 27. Calculate the remainder when 700 is divided by m(7).
11
Let r = -238 + 256. Calculate the remainder when r is divided by 12.
6
What is the remainder when 34 is divided by 0 + 0 - (1 + -1 + -15)?
4
Let n(b) = 2*b**2 - 29*b - 25. Let w(p) = -66*p + 1. Let z(l) = l + 5. Let o be z(-6). What is the remainder when w(o) is divided by n(16)?
21
Let a = 1834 - 1119. Calculate the remainder when a is divided by 80.
75
Let j be 2/(-5) + (-582)/(-30). Let d be (2 - j) + 1 + 0. What is the remainder when 48 is divided by (-40)/d*68/10?
14
Suppose 101*m = 125*m - 1872. Calculate the remainder when 1555 is divided by m.
73
Let j be (9 + -4 + -4)/(2/8). Suppose 0 = -3*h - 3*c + 63, 0 = -4*h + j*c + 69 - 1. What is the remainder when h is divided by 11?
8
Suppose -2*k + 20 = -2*y - 28, -2*y - 23 = -k. What is the remainder when 219 is divided by k?
19
Let x(h) = h**3 - 11*h**2 + 6*h - 25. What is the remainder when 97 is divided by x(11)?
15
Let i(r) = -2*r**3 + 96*r**2 + 97*r + 66. What is the remainder when 1056/9 - (-2)/3 is divided by i(49)?
16
Let v = -28 + 33. Let o(h) = -h**2 - 10*h - 9. Let l be o(-9). Calculate the remainder when -1 + l - -7 - -1 is divided by v.
2
Let w(z) = 3*z + 5. Let a be w(-3). Let q be (a*(-3)/(-6))/(-2). Let h(p) = 17*p**3 + p**2 - 3*p + 2. Calculate the remainder when h(q) is divided by 11.
6
Calculate the remainder when 3 is divided by (16/(-28))/((-50)/35)*5.
1
Suppose 18*w - 19*w + 12 = -4*l, -2*w + 48 = 4*l. Calculate the remainder when 56 is divided by w.
16
Let z be (-2)/(-7) + (-130)/(-35). Let m(q) = q**3 - 5*q**2 + 4*q + 2. Calculate the remainder when 4 is divided by m(z).
0
Let s(d) = d**2 + 6*d + 8. Let m be s(-5). Suppose 3*w - m*g + 2*g + 53 = 0, -2*w = -3*g + 47. Let h = 26 + w. What is the remainder when 29 is divided by h?
9
Suppose -5166 = -9*t - 9*t. What is the remainder when t is divided by 48?
47
Let m(q) = 33*q**2 - 2*q - 1. Suppose -2*b + 8 = 0, 2*i - 4*b + 35 - 291 = 0. Suppose -2*g + i + 132 = 0. What is the remainder when g is divided by m(-1)?
32
Let i(j) = j**3 + 14*j**2 - 20*j - 40. Calculate the remainder when 238 is divided by i(-15).
28
Let n